is the greatest common factor of 85 and b?
85
Let v be (-5 - 92/(-16))/((-2)/(-160)). Let b = -64 + v. Let w be ((-6)/(-27)*6)/(b/(-126)). Calculate the greatest common divisor of w and 42.
42
Let b(k) = -53*k - 12. Let a be b(-2). Let s = 206 - a. Calculate the greatest common divisor of 14 and s.
14
Let y(i) = 32*i**2 - 6*i - 12. Let o be y(-2). Suppose -7*l + 3*l + o = 0. What is the highest common factor of 8 and l?
8
Suppose -a + 4*a = 51. Suppose -19 + 82 = -3*i. Let b(l) = -9*l - 104. Let q be b(i). Calculate the highest common divisor of q and a.
17
Let i(g) = 41*g + 7. Let b be (-2 - -1) + (-14 - -18). Let m be i(b). Suppose 3*f - 8*f + m = 0. What is the highest common divisor of 104 and f?
26
Let d = 83 + -57. Let k = -218 - -238. Let w be -2*(-1)/k*-5*-26. What is the greatest common divisor of d and w?
13
Suppose h + h = 2060. What is the highest common factor of h and 40?
10
Let d be 17*1 + 0 + 2. Suppose 3*a = 5*i - 45, 4*i = 3*i + 2*a + 9. Suppose u - 10 = i. Calculate the highest common divisor of d and u.
19
Let k(f) = -3*f + 25. Let l be k(6). Let n(u) = -l*u**2 + 7 + 4*u**2 - 1 + 2*u**2. Let p be n(-2). Calculate the greatest common divisor of 2 and p.
2
Suppose 37*k = 45*k - 24. Suppose 71 = 5*p + k*i, 3*p - i + 43 = 94. What is the highest common divisor of p and 16?
16
Suppose 168 = 5*c + w, -4*c - 892*w = -895*w - 142. Calculate the highest common factor of c and 4658.
34
Let n be 8 + 4 + 184 + -9. What is the greatest common divisor of 9911 and n?
187
Suppose 0 = 7*f - 69*f + 2046. Calculate the greatest common divisor of f and 10461.
33
Let n be 576 + -9 + (0 - -7). What is the highest common divisor of n and 28?
14
Suppose 940*d = 993*d - 248676. What is the greatest common factor of d and 136?
68
Let r = 2127 + -1992. What is the highest common divisor of 1515 and r?
15
Let l = -149 - -151. Suppose -3*y + 55 = -c, 2*c = l*y - c - 39. Calculate the highest common factor of 18 and y.
18
Let c(m) = 110*m**2 + 1139*m + 38. Let t be c(-11). What is the greatest common divisor of t and 45?
9
Suppose 0 = -3*x - 10*x + 241 + 643. What is the highest common divisor of 595 and x?
17
Let c be (3/6)/(16/2080 + 0). What is the highest common factor of c and 1079?
13
Suppose 0 = 4*b - 2*f - 6128, 2*f = 14*b - 16*b + 3070. Calculate the greatest common divisor of 84 and b.
21
Let c be (-768)/96 - 2*2/(-8)*66. Calculate the highest common divisor of c and 90.
5
Let u = 2460 + -1195. Calculate the greatest common divisor of 46 and u.
23
Suppose -206271 = -236*l - 133*l. What is the greatest common factor of l and 52?
13
Let w(x) = -3*x + 96. Let u be w(9). Suppose 4*j - j - u = 0. What is the highest common factor of j and 23?
23
Let b(v) = 7*v + 57. Let n be b(8). Let l = 136 - n. Let z(k) = 36*k + 4. Let q be z(5). What is the highest common factor of l and q?
23
Suppose -4*t + v = 5*v - 16, 4*v = 5*t - 65. Suppose 4*o - t*o = -20. What is the greatest common factor of o and 4?
4
Let m = -32459 + 32899. What is the greatest common divisor of 7260 and m?
220
Suppose 0 = 2*j - 3*f - 315, j + 5*f - 52 - 47 = 0. Let k be (-97)/(-4) - (-2)/(-8). Calculate the highest common divisor of k and j.
24
Suppose -266*u = -268*u - 156. Let z be (-104)/((-1)/3*u/(-182)). What is the greatest common factor of 26 and z?
26
Suppose 0 = 34*l - 221146 + 116987 - 215169. What is the highest common divisor of l and 16?
16
Suppose 141 = 4*u + 37. Suppose 0 = -4*a - u + 150. Let f = 77 - 46. What is the highest common divisor of f and a?
31
Suppose -4*u = p + 4, -p + 4*u + 84 = 3*p. Let n = -680 + 689. Suppose -421 = -n*w + 731. Calculate the highest common divisor of w and p.
16
Let b = -101 - -81. Let y be (3*4/(-8))/(3/b). Suppose 0 = 2*m + 3*m, 0 = l + 5*m - 160. What is the highest common factor of l and y?
10
Let m be 5 + 52 - (1 + -1). Let j be 7429/m - 1/3. Calculate the greatest common factor of 26 and j.
26
Let x(c) = 15*c**2 + 14*c - 13. Let o be x(-3). Let u be -1 + (1 - 1) + 121. What is the greatest common factor of o and u?
40
Suppose -4*m = -4*r - 148 + 44, -90 = -5*m - 5*r. What is the highest common factor of 15807 and m?
11
Let s be (-6)/5*(-10)/4. Suppose -s*j = -5*v + 16, 3*j - 3 = 6. Suppose 0 = v*h - 171 - 69. What is the highest common factor of 36 and h?
12
Let t = -77 - 48. Suppose -1595 - 888 = 13*q. Let y = t - q. What is the highest common factor of y and 6?
6
Suppose 0 = 11*x - 12*x. Suppose x*a = a - 5*v - 96, -v = -3*a + 288. Let d(t) = 40*t - 268. Let k be d(7). What is the greatest common factor of a and k?
12
Suppose -1328*g + 1394*g - 2237994 = 0. Calculate the greatest common divisor of 267 and g.
267
Let t = 5 + 31. Suppose -74*z + 1616 = 284. Calculate the highest common factor of z and t.
18
Let z be ((-20)/16)/(30/(-24))*212. What is the greatest common divisor of 18 and z?
2
Let l(t) = t**2 + 10*t + 6. Let m be l(-10). Let h be 146/10 - (94/(-10) - -9). Let i be (-3 + h/7)*-21. What is the highest common divisor of i and m?
6
Let o(q) = -5*q - 7. Let l be o(-7). Let p = -76444 - -76598. Calculate the greatest common divisor of l and p.
14
Suppose l + 1 = 0, -4*l + 6 - 22 = -4*w. Suppose -d - 220 = -4*d + u, -w*d = -4*u - 232. Calculate the highest common divisor of 18 and d.
18
Let n be (((-15)/(-10))/((-2)/4))/((-33)/242). Calculate the highest common factor of n and 341.
11
Suppose 0 = -117*m + 109*m + 848. Let q = -92 + m. Calculate the highest common divisor of 105 and q.
7
Suppose 4*b - 87 = -g + 256, 2*b = -4*g + 168. Suppose -5*o = 0, -b + 210 = -2*t + 3*o. Let p = -42 - t. What is the greatest common factor of p and 5?
5
Suppose 13 = 4*o - 2*j - 17, j = -5. Suppose -3*r + o*r - 36 = -5*g, r + 5*g - 28 = 0. Calculate the greatest common factor of 14 and r.
2
Suppose -3*i - 31*i + 2244 = 0. Calculate the greatest common divisor of 2838 and i.
66
Suppose -5*t + n + 15 = 4, n - 7 = -4*t. Let v be ((-1)/t)/(28/(-784)). Calculate the greatest common divisor of v and 77.
7
Suppose -12*r + 10441 = -719. Calculate the highest common divisor of r and 45.
15
Suppose -76*y = 84*y + 16*y - 217536. What is the greatest common divisor of 721 and y?
103
Suppose 138 = 10*k - 602. Suppose -k*w + 73*w + 15 = 0. What is the greatest common factor of 435 and w?
15
Suppose 7 - 13 = -w. Suppose w*h - 240 = 11*h. Let m = h + 53. What is the greatest common divisor of 25 and m?
5
Let z = -21 + 30. Let s = 32 - z. Let q be ((-6555)/171)/(5/(-9)). What is the highest common factor of s and q?
23
Let b(w) = -15*w + 31. Let p be b(-6). Suppose 0 = -p*t + 116*t + 240. Calculate the greatest common factor of t and 288.
48
Let v(g) = -236*g + 12768. Let k be v(0). Calculate the highest common divisor of k and 192.
96
Let a = -219 + 223. Suppose -f + 0*f = -a. Suppose -7 = 2*t - 23. What is the highest common factor of t and f?
4
Suppose -x + 2664 = 5*x. Suppose -8*l + x = -4*l. Calculate the highest common factor of l and 3.
3
Let g(b) = b**2 + 26*b + 4. Let s be g(-27). What is the highest common factor of 3875 and s?
31
Suppose -5*h + 6*h - 3*k - 12 = 0, -35 = -4*h - k. Suppose h*l - 94 = -31. Suppose 4*w + 135 = l*w. What is the highest common divisor of 30 and w?
15
Let f(j) = j**2 + 12*j + 1. Let t = -269 + 273. Let h be f(t). What is the greatest common divisor of h and 455?
65
Let v(q) = -q**2 + 119*q + 3359. Let y be v(-23). What is the highest common divisor of 9 and y?
3
Suppose 0 = -0*d + d - 9. Let n(t) = -t**3 - 31*t**2 + 9*t - 28. Let r be n(-32). Let x = 753 - r. What is the greatest common divisor of x and d?
9
Let j be 2*-1 + (-1 - -6). Let t(k) = 2*k + 0*k**2 - 4 + 1 - 3*k + 3*k**2. Let m be t(j). What is the greatest common factor of m and 231?
21
Let r(i) = -21*i**2 + 2*i**3 - 5*i - 19*i + 1467 - 1485. Let w be r(12). Calculate the highest common factor of 24 and w.
6
Let j be 702/((-5)/((-40)/12)) - 3. Suppose 1665 = 3*o + j. Calculate the highest common divisor of o and 16.
16
Let w = -2997 - -3109. Let l(t) = t**3 - t + 48. Let d be l(0). What is the greatest common divisor of w and d?
16
Suppose -70 = -6*m + 38. Let l = 1638 - 1632. What is the highest common factor of l and m?
6
Suppose 0 = 4*h - 2*h, 2*n = 5*h + 1400. Let q(b) = 17*b + 438. Let x be q(-14). Calculate the greatest common factor of x and n.
